w(f) = -2*f + 3. Suppose -18 = -5*v - 3, -2*v = -x + 61. What is the remainder when x is divided by w(o)?
16
Let k be (-8)/(-20) - 568/(-5). Calculate the remainder when 21 is divided by k/10 + 10/(-25).
10
Suppose 0 = 4*n + 4, -b + 0*b - 5*n = 2. Let k = 40 - -2. Suppose x + k = b*x. Calculate the remainder when 40 is divided by x.
19
Suppose 8*q - 12*q = -84. Suppose -3*h = -12 - q. Calculate the remainder when 43 is divided by h.
10
Let o(p) = 58*p**2 + 2*p + 1. Calculate the remainder when o(-1) is divided by 20.
17
Let m = 34 - 18. Let s(z) = z**2 - 4*z + 6. Suppose -3 = t, 0*t + 2*t + 22 = 4*h. Calculate the remainder when m is divided by s(h).
4
Suppose 36 = 2*n - 3*z, 106 - 9 = 5*n - 4*z. Let o = n + -2. Suppose -i - 7 + o = 0. Calculate the remainder when 35 is divided by i.
11
Let k = -47 + 56. Calculate the remainder when 24 is divided by k.
6
Suppose -39 = -3*f - 3*u, 3*u - 6 = u. Calculate the remainder when 19 is divided by f.
9
Let k = 3 + -4. Suppose -76 = 5*y - 241. Calculate the remainder when y is divided by (-1 + k)/(1/(-6)).
9
Let c(v) = -v**3 - 15*v**2 - 4*v - 22. What is the remainder when 74 is divided by c(-15)?
36
What is the remainder when 20/3*(-1392)/(-64) is divided by 37?
34
Suppose r + r = 92. Let p be (-41)/(3/(-12)*-4). Let k = -25 - p. Calculate the remainder when r is divided by k.
14
Let s(w) = 3 + w**3 - 3 - 2*w**2 - 3. Calculate the remainder when (1/1 + 15)*1 is divided by s(3).
4
Suppose -23 = -v + 4*i, 5*v + 0*v - 3*i - 200 = 0. Calculate the remainder when 121 is divided by v.
35
Suppose -2*r + 7*r + 4*p = 8, 5*p + 3 = -3*r. Suppose 16 + r = 4*y. What is the remainder when 13 is divided by (-10)/(y/(15/(-6)))?
3
Suppose 3*v - 5*k - 27 = -6*k, 2*v - 18 = 3*k. What is the remainder when 23 is divided by v?
5
Let o(c) be the second derivative of c**4/6 - c**3/3 + c**2 + 2*c. Suppose -4 = 2*j + j - 2*u, j = 3*u - 13. Calculate the remainder when 17 is divided by o(j).
5
Suppose 0 = -3*p - 0*p + 135. Suppose -3*t = -t - 24. What is the remainder when p is divided by t?
9
Let i(k) = -k**2 - k + 15. Let z be (200/(-4))/(-1*2). Let n = 31 - z. What is the remainder when i(0) is divided by n?
3
What is the remainder when 89 is divided by (-4 + -3)*(-60)/14?
29
Suppose 3*i - 62 = i. Let j = -17 + i. Calculate the remainder when 40 is divided by j.
12
Suppose 5*s + 10 - 30 = 0. What is the remainder when 14 is divided by s?
2
Let d = 37 - 12. Suppose -5 + d = 4*x. Suppose -5*h + x + 75 = 0. Calculate the remainder when h is divided by 9.
7
Suppose -5*q + 35 = 5*w, -6*q + 4*q = -4*w + 22. What is the remainder when 21 is divided by w?
3
Let y(t) = 2*t - 23. Calculate the remainder when 67 is divided by y(20).
16
Suppose -4*w + 310 = -5*u, -4*w - 21*u + 296 = -19*u. Suppose -13 + 65 = 2*y. What is the remainder when w is divided by y?
23
Suppose 0*o - 2*o = 3*r - 175, 0 = 3*o + 2*r - 275. Suppose -o = -3*v - 5*k, -v - 3*k = v - 63. Calculate the remainder when 1/(2/v - 0) is divided by 8.
7
Let t(h) be the second derivative of -h**5/20 + 5*h**4/12 - 2*h**3/3 + 2*h**2 + h. Let f = 23 + -20. Calculate the remainder when t(f) is divided by 6.
4
Calculate the remainder when 46/8 + -6 - (-946)/8 is divided by 20.
18
Suppose 4*q = 9*q - 20. Suppose 5*z + 3*n - 102 + 9 = 0, 0 = 5*z - q*n - 121. What is the remainder when z is divided by 11?
10
Let j be 5 - -1 - (-4)/2. Let b = 34 + -50. Let x = j - b. What is the remainder when x is divided by 13?
11
Suppose 0 = v + 2*u - 10, 2 - 4 = -u. Calculate the remainder when (v/8)/((-3)/(-132)) is divided by 9.
6
Suppose 5*k + 22 = -2*j + 188, 3 = j. Suppose 2*u = k + 4. Calculate the remainder when u is divided by 7.
4
Let h(j) = 6*j**2 - j + 3. Let o(g) = g**3 + 5*g**2 + g - 2. Calculate the remainder when h(2) is divided by o(-3).
12
Let b = -62 + 107. Calculate the remainder when b is divided by 12.
9
Suppose -7*k - 3*v = -5*k - 66, -4*k - 3*v + 132 = 0. What is the remainder when 131 is divided by k?
32
Let b(y) = -12*y - 40. Suppose -3*d - 2*f = -67, 5*d - 120 = 2*f + 3*f. What is the remainder when d is divided by b(-4)?
7
Suppose -4*z + 10 - 22 = -5*d, 3*d = 2*z + 8. Suppose -z*t - 51 = t. Let r = t - -28. What is the remainder when 32 is divided by r?
10
Let i = 36 - 9. Calculate the remainder when i is divided by 4.
3
Suppose -4*c - u = -3, 4*c + u + 3*u = 12. What is the remainder when (c/2)/2 + 13 is divided by 4?
1
Let f be (0 + -10)/(2/8). Let r = f - -74. Let g = -11 + 20. Calculate the remainder when r is divided by g.
7
Let k = 6 - 3. Suppose 66 = k*l - 27. Calculate the remainder when l is divided by 16.
15
Suppose 4*z + 0 - 8 = 4*p, -4*p = 2*z - 22. Suppose 5*y + z*a + 3 = -2, -y - 6 = 2*a. Let l = 21 + -14. Calculate the remainder when l is divided by y.
3
Calculate the remainder when (-1)/(-3) + 0 + (-1552)/(-24) is divided by 17.
14
Let i = -5 - -8. Suppose i*z = -5*s + 230, 6*s + 4*z = 4*s + 92. What is the remainder when s is divided by 16?
14
What is the remainder when 0 + 51 - (24 - 26) is divided by 9?
8
Let o(w) = -w + 13. Let v be o(7). Let b be v/(-10) + 3084/15. Suppose 0 = -4*x - x + b. What is the remainder when x is divided by 21?
20
Let j = -1 + 2. Let i(x) = 9*x**3 - 1. Calculate the remainder when 22 is divided by i(j).
6
Let r(h) = -25*h - 3. Suppose -3*l + 4*k + 23 = -1, -2*k + 6 = 0. What is the remainder when r(-2) is divided by l?
11
Calculate the remainder when 51 is divided by (144/32)/(1/2).
6
Suppose -14*w + 168 = -12*w. What is the remainder when w is divided by 22?
18
Calculate the remainder when ((-5)/9 + (-2)/(-9))*-21 is divided by 3.
1
Let b = 32 + -18. Suppose 2*r = -6*d + 5*d - 15, -2*d - 3*r - 30 = 0. What is the remainder when (1 - (-21)/d)*-65 is divided by b?
12
Let o(w) = 4*w**2 - 3*w + 3. What is the remainder when o(4) is divided by 14?
13
Let r(y) = -51*y - 1. Let z be (-8)/6 - (-2)/6. Let h = 1 - -16. What is the remainder when r(z) is divided by h?
16
Let z = -2 + 6. Let q = z - 4. Suppose 13 = -q*m + m. What is the remainder when 25 is divided by m?
12
Suppose -2*u - 2*t = 3*u - 15, 2*t = 5*u - 35. Suppose 119 = 9*k - 2*k. Calculate the remainder when k is divided by u.
2
Let x be (-12)/18 - 8/6. Let j be 1 + -2*1 - x. Let y = j - -4. Calculate the remainder when 9 is divided by y.
4
Let m(v) = -v + 8. Let d be m(8). Suppose d = -a + 19 - 2. What is the remainder when 32 is divided by a?
15
Let h(v) = 50*v**3 + 2*v**2 - 4*v + 1. Let c(g) = 51*g**3 + 3*g**2 - 5*g + 1. Let q(a) = -4*c(a) + 5*h(a). What is the remainder when q(1) is divided by 16?
13
Suppose -4*s + 55 = -s - 4*x, 3*s = 5*x + 59. Let t be (-2)/(-4) - (-10)/(-4). What is the remainder when s is divided by (10/(-6))/(t/6)?
3
Let j(n) = 5*n**2 - 2*n - 1. Let z be j(-1). Suppose v + z = -0. Let w(x) = x**3 + 6*x**2 - 3*x + 7. What is the remainder when w(v) is divided by 13?
12
Suppose -3*t + 36 = -0*t. Suppose t = -2*z + 5*z. What is the remainder when z is divided by 2?
0
Suppose 2*m - 424 = -4*d, -5*d + 3*m + 548 = m. What is the remainder when d is divided by 28?
24
Let h(f) = 2*f**2 + 2*f - 3. Let o be h(3). Let b = o - 5. What is the remainder when 31 is divided by b?
15
Suppose -2*i + 73 + 23 = -v, 4 = -2*v. Suppose -4*f - 2*u + 52 = -f, -2*f + 5*u = -22. What is the remainder when i is divided by f?
15
What is the remainder when (-4)/(-8) - (-75)/2 is divided by 20?
18
Let q(m) = m**2 - 9*m + 10. Calculate the remainder when 0/(1 + -4) + -2 - -29 is divided by q(9).
7
Let h(x) be the second derivative of -x**4/12 + 3*x**2/2 + 10*x. What is the remainder when h(0) is divided by 3?
0
Let x(n) = 18*n - 6. Calculate the remainder when x(3) is divided by 10.
8
Let h(v) = v - 3. Let k be h(6). Let r = -7 + k. Calculate the remainder when 23 is divided by r/8 - 25/(-2).
11
Suppose -t = -7 - 13. Calculate the remainder when 57 is divided by t.
17
Let v(h) = -h**3 + 9*h**2 + 11*h - 3. What is the remainder when 20 is divided by v(10)?
6
Let c = -10 - -34. Calculate the remainder when c is divided by (-21 + 3)/((-2)/1).
6
What is the remainder when 177 is divided by (-480)/(-27) + -2*(-3)/27?
15
What is the remainder when 89 is divided by (-3 + 1 - -21) + 4?
20
Let u = -97 - -155. What is the remainder when u is divided by (7 + 2)*10/6?
13
Suppose -3*f +